254?
24c
In base 10, what is 300 - 22?
278
In base 5, what is 1033 + 11?
1044
In base 14, what is 2 - -240?
242
In base 7, what is -3421 + -2?
-3423
In base 13, what is -163 + -3a?
-1a0
In base 15, what is -43 + -1?
-44
In base 7, what is 5 - 105?
-100
In base 13, what is 1889 + 1?
188a
In base 12, what is 4 + 55?
59
In base 9, what is 426 + 4?
431
In base 5, what is -34 - -31?
-3
In base 4, what is -10 + -111?
-121
In base 10, what is 4920 - -3?
4923
In base 16, what is 0 - 12?
-12
In base 7, what is -23 - 100?
-123
In base 13, what is 3 - 98?
-95
In base 14, what is 576 + 2?
578
In base 3, what is 12 + -10200?
-10111
In base 15, what is c - -260?
26c
In base 16, what is -5 + 468?
463
In base 16, what is 6 + -4?
2
In base 7, what is 2 - 425?
-423
In base 15, what is -75b + -5?
-761
In base 3, what is -21 + -120?
-211
In base 9, what is -858 + 23?
-835
In base 11, what is 2 + -96?
-94
In base 16, what is -5 + 48d?
488
In base 13, what is 4 - 1644?
-1640
In base 10, what is -14 - -154?
140
In base 5, what is -2 - 410?
-412
In base 2, what is 1100101 + -11?
1100010
In base 12, what is 746 - 4?
742
In base 4, what is 30 + 1021?
1111
In base 9, what is 14 + -61?
-46
In base 11, what is -5387 - 3?
-538a
In base 11, what is -5 - 117?
-121
In base 14, what is -1 - -46?
45
In base 4, what is 1 - -110311?
110312
In base 9, what is 2 + -1516?
-1514
In base 10, what is -40 + -15?
-55
In base 7, what is 22 + 14?
36
In base 12, what is 8 + 595?
5a1
In base 3, what is -2021020 + 2?
-2021011
In base 3, what is 1 - 11010?
-11002
In base 12, what is -15ab - 1?
-15b0
In base 8, what is 36 - -21?
57
In base 16, what is 4 - b6?
-b2
In base 12, what is -50 - -4?
-48
In base 3, what is -1222 + 101112?
22120
In base 12, what is 6 - 21?
-17
In base 6, what is -40 - -1?
-35
In base 11, what is -1 + -161?
-162
In base 11, what is -3 + 41?
39
In base 4, what is -23231 - 1?
-23232
In base 9, what is 36 + -8?
27
In base 16, what is 2d + -9?
24
In base 2, what is -11100101010 + 11?
-11100100111
In base 7, what is -3 + -415?
-421
In base 6, what is -2 - -234?
232
In base 14, what is -25d0 - -2?
-25cc
In base 2, what is -11101010 - 110?
-11110000
In base 12, what is -5 + 14?
b
In base 6, what is -11 + -22?
-33
In base 2, what is 1111010011 + 11?
1111010110
In base 8, what is 201 + -1?
200
In base 8, what is 2 - 44?
-42
In base 6, what is -413 + 12?
-401
In base 5, what is -1101 - -31?
-1020
In base 13, what is b - 2?
9
In base 14, what is 9 - -13?
1c
In base 5, what is 11 - 12401?
-12340
In base 4, what is -33 + -1321?
-2020
In base 16, what is -4 + 3a?
36
In base 3, what is 222 - 122?
100
In base 5, what is 14 - -132?
201
In base 10, what is -1 - 52?
-53
In base 2, what is 10011110010 - -1?
10011110011
In base 6, what is -1013141 + -4?
-1013145
In base 2, what is -11000111 - -11110?
-10101001
In base 3, what is -2 + 1210?
1201
In base 6, what is -5 - 5243?
-5252
In base 16, what is 230 - 1?
22f
In base 7, what is -1 + 163?
162
In base 14, what is -ab - 7d?
-14a
In base 11, what is -3 - -1157?
1154
In base 7, what is -2 + -31?
-33
In base 13, what is b + 51?
5c
In base 16, what is 2 + -5f?
-5d
In base 5, what is -43 + -230?
-323
In base 15, what is -7 - -2?
-5
In base 4, what is 1000 - -133?
1133
In base 9, what is 4 + 882?
886
In base 11, what is 4 - 150?
-147
In base 13, what is 81 + 5?
86
In base 11, what is -2 + -20?
-22
In base 2, what is 1111010111 - 100?
1111010011
In base 11, what is -1024 - 5?
-1029
In base 15, what is -4 + -36?
-3a
In base 5, what is 110 - 21?
34
In base 4, what is 20 - -20?
100
In base 13, what is -26b + -6?
-274
In base 3, what is 11 - 1101?
-1020
In base 3, what is 210 + -12110?
-11200
In base 9, what is 1 + 10300?
10301
In base 11, what is -151 - 4?
-155
In base 9, what is 727 - 1?
726
In base 2, what is 1000 + 11101?
100101
In base 6, what is 1121 + -20?
1101
In base 14, what is 806 - 1?
805
In base 7, what is 0 - -15226?
15226
In base 12, what is -5 - -170?
167
In base 11, what is 4a6 - -9?
504
In base 16, what is -4 + e?
a
In base 13, what is -5 + -3c5?
-3ca
In base 2, what is 1001 - -1010011001?
1010100010
In base 10, what is 16 - -14?
30
In base 14, what is 10 - -2?
12
In base 9, what is -10 - -475?
465
In base 6, what is -2155 + 3?
-2152
In base 15, what is -3ce - 4?
-3d3
In base 11, what is -330 - -a?
-321
In base 8, what is 124 - 1?
123
In base 11, what is 171 - 3?
169
In base 4, what is -11 - -2231?
2220
In base 9, what is 154 + 253?
417
In base 13, what is -4 + b00?
ac9
In base 3, what is -10 + 200?
120
In base 7, what is -4 + 15023?
15016
In base 6, what is 15 - -1?
20
In base 3, what is 12201 + -21011?
-1110
In base 5, what is -131 + -1?
-132
In base 14, what is 5 + -d?
-8
In base 8, what is -471 - 3?
-474
In base 15, what is -4de - -3?
-4db
In base 12, what is -4 - 607?
-60b
In base 3, what is -202 - -200222?
200020
In base 14, what is -6 + -9?
-11
In base 9, what is 0 - -14027?
14027
In base 9, what is 141 - 2?
138
In base 10, what is -2 + -1652?
-1654
In base 12, what is 0 + 168?
168
In base 5, what is -20 + 32?
12
In base 11, what is 3 + 265?
268
In base 9, what is 1 + 301?
302
In base 16, what is -2a + -1a?
-44
In base 10, what is -1 + -1096?
-1097
In base 10, what is -5 + -171?
-176
In base 15, what is 3e + -e?
30
In base 8, what is -107 - 7?
-116
In base 15, what is -49 + 1?
-48
In base 16, what is -4 + 36?
32
In base 7, what is -2 - 331?
-333
In base 12, what is 93 + 2?
95
In base 15, what is 0 - 9?
-9
In base 5, what is 23123 + -10?
23113
In base 5, what is 111 + -12?
44
In base 3, what is 11 - -21221?
22002
In base 12, what is -7 - 27?
-32
In base 4, what is 0 - 12323?
-12323
In base 7, what is 31 + -3?
25
In base 7, what is -3 + 232?
226
In base 15, what is -2b2 - 5?
-2b7
In base 8, what is -15 - 102?
-117
In base 2, what is 100 - -101111000011?
101111000111
In base 12, what is 5434 + 4?
5438
In base 16, what is 47 + 0?
47
In base 15, what is 54 - -1?
55
In base 12, what is 10a + 3?
111
In base 13, what is 62 - 0?
62
In base 13, what is 29 + -10?
19
In base 8, what is -2 + 47?
45
In base 2, what is 10 - -101011?
101101
In base 14, what is -28 + -4?
-2c
In base 12, what is -8 + -b?
-17
In base 13, what is -18c - -3?
-189
In base 15, what is -b + 2?
-9
In base 10, what is 156 - -2?
158
In base 13, what is -4 - 271?
-275
In base 3, what is 1220 + -12200?
-10210
In base 2, what is 110111000101 + 101?
110111001010
In base 8, what is 1 + -161?
-160
In base 4, what is 22002 + -110?
21232
In base 9, what is 80 + -54?
25
In base 12, what is 171 + -5?
168
In base 12, what is 478 + 14?
490
In base 9, what is 522 - -1?
523
In base 11, what is 56 + -17?
3a
In base 9, what is 4 - -54?
58
In base 6, what is 40 - 1525?
-1445
In base 14, what is -78 + -4?
-7c
In base 9, what is 3061 + -2?
3058
In base 9, what is 323 - -6?
330
In base 10, what is 152 + 1?
153
In base 12, what is 4 + 127?
12b
In base 10, what is 7 + -32?
-25
In base 13, what is b4 - -4?
b8
In base 11, what is 105 - 1?
104
In base 16, what is 11 - -2?
13
In base 16, what is -6 + 17d?
177
In base 14, what is c + -51?
-43
In base 9, what is 155 + 6?
162
In base 5, what is 40 - -3444?
4034
In base 6, what is -5 - -244?
235
In base 2, what is -1010 + 100111000?
100101110
In base 8, what is 4005 - -3?
4010
In base 8, what is 2 - 1462?
-1460
In base 14, what is 8b - 9c?
-11
In base 15, what is -569 + 5?
-564
In base 11, what is -13 + aa?
97
In base 12, what is 573 - 4?
56b
In base 2, what is -100 + -10000?
-10100
In base 7, what is 150 - -11?
161
In base 6, what is -4 - 210?
-214
In base 11, what is -1 - 5?
-6
In base 2, what is -1011 + -111001000001?
-111001001100
In base 6, what is -21510 + 5?
-21501
In base 10, what is -2 - -88?
86
In base 3, what is 2 - -1221111?
1221120
In base 12, what is -4 - 1b7?
-1bb
In base 7, what is 120 - 316?
-166
In base 10, what is -25 - 13?
-38
In base 2, what is 1 + 1110?
1111
In base 15, what is -4 - 6?
-a
In base 16, what is 9 - -17?
20
In base 7, what is -43 - 3?
-46
In base 16, what is -f0 + -c?
-fc
In base 11, what is -6 + -238?
-243
In base 15, what is -1 - 7?
-8
In base 10, what is 4 - -324?
328
In base 5, what is -42 - -10?
-32
In base 9, what is -16 - -13?
-3
In base 13, what is -239 + 1?
-238
In base 8, what is 0 - -272?
272
In base